mber?
True
Suppose -y + 2*s + 2 = 4*s, 3*y = -4*s + 6. Suppose -8 = -y*t - 40. Let c = t - -22. Is c composite?
True
Let x = 10 + -14. Is 4*(978/8 + x) a composite number?
True
Suppose -12*z - 22113 = -5*m - 16*z, 8852 = 2*m + 5*z. Is m a composite number?
False
Suppose 4*m + 20 = 0, -m + 71 = 4*h + 4*m. Let z(s) = 3*s**2 - 46*s + 7. Is z(h) a prime number?
True
Is ((-15)/(-6) - 2)/((-5)/(-129530)) prime?
True
Let j(v) = -v**2 - 6*v - 5. Let n be j(-4). Let b = 10 - n. Is 124 - b/(14/(-6)) composite?
False
Let x = 123 + -119. Is 1/x + (-94128)/(-64) a composite number?
False
Let j = 15 - 12. Suppose 2*n = 6, 3*n + 437 = -j*d + 2645. Is d composite?
False
Let s = 20122 - 4527. Is s prime?
False
Suppose -3*c + 7391 + 160 = 0. Is c prime?
False
Let f(k) = 40*k - 17. Suppose -2*i + 3*h + 4 = 1, -3*i = -4*h - 6. Is f(i) prime?
True
Suppose -n - 13320 = -4*l, -7*l = -5*l - 3*n - 6670. Is l composite?
False
Let r = 1442 - -221. Is r a composite number?
False
Let p be 2/7 + (-60)/(-35). Let z = -100 + 193. Suppose -5*k = -3*v + z, v = 6*v - p*k - 155. Is v a composite number?
False
Let b(s) be the third derivative of -s**4/4 - 17*s**3/6 + 10*s**2. Let i(c) = c - 12. Let d be i(0). Is b(d) a composite number?
True
Suppose -2*r - 18 = -4*x, x = 5*x - 5*r - 27. Suppose -307 = x*h - 1660. Is h composite?
True
Suppose -14369 + 71839 = 14*v. Is v a prime number?
False
Suppose 15*j - 313738 = -59053. Is j prime?
True
Let o(h) = -16*h**2 + 9*h + 21. Let n(v) = v**2 - v - 1. Let p(g) = -6*n(g) - o(g). Is p(10) prime?
False
Let w(i) = i**2 - 3*i - 1. Let q(s) = s + 1. Let t(g) = -6*q(g) + 2*w(g). Is t(9) a prime number?
False
Let l(a) = -a - 6. Let h be l(-8). Let c(s) = -4 + 1 + h + 13*s. Is c(6) prime?
False
Suppose 4*v - 3*v + 5 = 0. Let b(i) = -i**3 - 3*i**2 + 3. Let w be b(v). Suppose o - w - 74 = 0. Is o a composite number?
False
Suppose -21535 - 63348 = -29*k. Is k a composite number?
False
Suppose 4*k = -4*k + 48624. Suppose 0 = 11*n - k - 1633. Is n composite?
False
Suppose 5*x - 203 - 137 = 0. Suppose x = p - 3*p. Let g = p - -253. Is g composite?
True
Let t(f) = -5*f + 1 + 12*f + 3 - f**2. Let l be t(7). Let x(d) = 11*d**2 + 10*d - 3. Is x(l) a composite number?
True
Suppose 18*b = 19*b - 2*p - 15867, -5*p = 4*b - 63416. Is b composite?
False
Let i(g) = -4*g. Let p be i(-2). Suppose -80*a = -76*a - 20. Suppose p = -4*t, -1114 = -5*w + a*t + 331. Is w a composite number?
True
Let x = -3611 + 5630. Is x a composite number?
True
Let a(g) = -g**2 - 8*g + 6. Let q be a(-8). Let x = 29 - q. Is x a prime number?
True
Let q = -5477 + 17205. Suppose 5*o - q = o - 2*v, -4*v = 3*o - 8801. Suppose -3*g - f = -4*g + 579, 5*g - o = -4*f. Is g a composite number?
True
Let n = 24 + -19. Suppose 5*l + 5*b - 3 = 22, n*b = 0. Suppose 325 = -0*o + l*o. Is o a prime number?
False
Suppose -368 - 894 = -2*x + 4*u, -5 = 5*u. Is x prime?
False
Suppose -y + 1805 = 83. Suppose 0 = -5*a + y + 2883. Is a a composite number?
True
Let m = -5 + 3. Let y be 21/(-15) + m/(-5). Is 60 + y/1 + 0 a composite number?
False
Let x(g) be the third derivative of -g**7/210 - g**6/360 - g**5/60 + 3*g**2. Let c(o) be the third derivative of x(o). Is c(-4) a composite number?
True
Suppose -u - 14 = -3*u - 3*v, -4*v - 4 = -3*u. Let o(d) = 5*d**3 + 4*d**2 + 9*d - 9. Is o(u) a prime number?
False
Suppose 0 = 2*w - 5337 - 3475. Is w prime?
False
Let a = 10827 - 5414. Is a prime?
True
Let r = -1645 + 5132. Is r a prime number?
False
Suppose -65*n = -112*n + 1539391. Is n a composite number?
True
Let x(h) = -9*h**3 + 4*h**2 - 27*h - 3. Is x(-5) composite?
True
Let v(i) = 2*i + 22. Let g be v(-8). Is 1/((-1931)/2901 + 4/g) composite?
False
Suppose 5*t = -15*q + 10*q + 5865, 4*q = -t + 1185. Is t composite?
True
Suppose 0 = -2*m - 0*m + 10. Suppose -5*v + 81 = -4*o, 4*o = -m*v + 6*o + 83. Let z = 24 - v. Is z composite?
False
Suppose -2*r + 4*t = 14, 29 = r + 3*t + 11. Suppose z + z + r*a + 11 = 0, 0 = 5*z + 3*a + 23. Is z/18 + (-9548)/(-36) a composite number?
True
Suppose -4*j + 746 = 5814. Let v = 2206 + j. Is v prime?
False
Let z be 3/(-15) + 486/30. Let u = z + -28. Is 3/u - 1005/(-4) a composite number?
False
Suppose 0 = 4*b - 6*b. Suppose w - 3 - 1 = b. Let h(n) = n**3 - n**2 - n + 3. Is h(w) composite?
False
Let h be ((-34)/6)/(2/(-6)). Let z(r) = -13*r**2 - 9*r - 10. Let x be z(-1). Let d = h - x. Is d a composite number?
False
Let o(k) = 3*k**2 - 4*k + 249. Let t(w) = 13*w**2 - 17*w + 995. Let q(x) = 9*o(x) - 2*t(x). Is q(0) a composite number?
False
Let j(q) = 18*q**3 + 2*q**2 - 1. Let p be j(1). Let c = p - 13. Is c/27 - (-2329)/9 prime?
False
Suppose 2*k - 14 = -2*j - 0*j, -j = 5*k - 31. Suppose -k*w - w = -14. Is 149*35/10*w composite?
True
Let o be 13163/6 - -2*(-3)/(-36). Let h = o - -843. Is h a prime number?
True
Suppose -5*x = -4*k + 433, -2*k - 383 = -6*k - 5*x. Is (-158)/(-12)*-4*k/(-4) composite?
True
Let o(q) = -6*q**2 + q + 3. Let s be o(2). Let d(v) = v**2 - 14*v + 46. Is d(s) a prime number?
True
Suppose 4*o = -o - 4*k + 1263, -o + 3*k + 245 = 0. Is o a prime number?
True
Let a = -2 + -12. Let m be (240/70)/((-2)/a). Suppose 3*w - 173 = 4*d, -4*d - 79 = -w - m. Is w prime?
True
Suppose 0*h - 5*h = 0. Suppose 0 = -2*r - 5*z + 615, 2*z + h*z = 3*r - 875. Is r composite?
True
Let k = 1929 + -1312. Let s = k + -366. Is s a composite number?
False
Suppose 0 = 4*o, -2*s - 24*o + 28*o = -472738. Is s prime?
False
Let i be 16345/(-1)*(-10)/10. Suppose -9*h + 2*h = -i. Is h composite?
True
Let c(d) = -1022*d - 11. Is c(-5) prime?
True
Suppose -n = -5*r, -r - 5*n + 6 = -20. Let a be 2 - 12/(r - -2). Is (-19)/(a + -1 + 2) a composite number?
False
Let d = 1509 - -1418. Is d a prime number?
True
Let b(h) = 274*h + 8. Let i be b(10). Suppose i = 4*y - 4*s, 3*y = 5*y + 5*s - 1409. Suppose 247 = -5*d + y. Is d composite?
False
Is 6513426/378 - (-1 - 9/(-7)) a prime number?
True
Suppose -2*o - 13 = -v + 3, 3*v - 2*o = 40. Suppose 0 = 4*j - 4 + v. Is (-5635)/(-10) + 1/j a prime number?
True
Let k(i) = 363*i**3 - 6*i**2 - 2*i + 23. Is k(6) a composite number?
False
Suppose 2*y = 5*d + 12, 3*y - d - 18 = 2*d. Let n(u) = 9*u + 2*u - 3*u - 9 - 4*u**2 + 0*u + u**3. Is n(y) composite?
True
Let y be (-4)/26 + (-804)/(-156). Suppose -y*p - 6 = -21. Suppose p*n = -3*d + 759, 5*n - 4*d = d + 1265. Is n composite?
True
Suppose 52151 = 10*i - 101819. Is i a composite number?
True
Suppose -16 = -6*d + 14. Suppose 0 = 4*p + y - 174 - 185, -d*p + 442 = -y. Is p a prime number?
True
Let q be (-120730)/(-12) - 20/(-120). Suppose 2*k = 5*k + b - q, 3*k - 10057 = b. Is k a prime number?
False
Suppose -5*f + 0*f = 4*z - 72615, -3*z = 3*f - 43572. Is f composite?
False
Suppose 0 = 4*y - 10*y + 9942. Is y a composite number?
False
Let c = 4096 + 17587. Is c composite?
False
Is (910 + 1)/((-684)/99 - -7) a prime number?
False
Let v = -24 - -52. Let x be (-2957)/(-7) - (-16)/v. Suppose -6*i = -3*i - x. Is i prime?
False
Suppose 379*f = 386*f - 8155. Is f prime?
False
Let s(u) = -2*u**3 - 4*u**2 + 4*u + 5. Let v = 17 - 20. Let k be ((-18)/(-3))/(v/2). Is s(k) a prime number?
True
Suppose 0 = -x - l + 16, 2*x - 3*x - 2*l + 21 = 0. Suppose -x = 4*r - 3. Is (r/(-6))/(8/4584) composite?
False
Let j = 12 + -10. Let l = j + -2. Suppose 0*i + 3*i - 93 = l. Is i a prime number?
True
Suppose 0 = 3*w - 1976 - 19366. Is w a composite number?
True
Let z(b) = -739*b - 12. Let w be z(-3). Suppose 2*d = 3*g + 884, -5*g - w = -5*d - 0*d. Is d a prime number?
True
Let y(n) = 110*n - 107. Is y(15) a composite number?
False
Suppose -5*s - 5 = 5*w, 8*s - 3 = 6*s - w. Suppose 0 = -s*m + 6*m - 258. Suppose -3*c - 30 + m = 0. Is c a composite number?
True
Let k(s) = -s**3 - 15*s**2 - 14*s + 7. Let g be k(-14). Let u(w) = 65*w - 2. Is u(g) composite?
True
Let u(b) = 1408*b + 243. Is u(5) a composite number?
False
Is 19478/12 + (715/66 - 11) a prime number?
False
Let g = 57 + -17. Is 2/8 + 18510/g a composite number?
False
Let q(n) be the second derivative of -3*n**5/5 + n**4/12 + n**3/3 + n**2 - n. Let a be 8/8*(2 + 0 - 5). Is q(a) composite?
True
Let u(x) = x**2 - 5*x + 6. Let b be u(4). Let q(f) = -f + 2*f + 203*f**2 + 265*f**b. Is q(-1) a composite number?
False
Suppose -12*q + 11*q - 13032 = -v, 26063 = 2*v - q. Is v a composite numbe